{"id":11,"date":"2018-02-19T10:42:50","date_gmt":"2018-02-19T10:42:50","guid":{"rendered":"http:\/\/meister-malerei.com\/?page_id=11"},"modified":"2018-02-19T10:42:50","modified_gmt":"2018-02-19T10:42:50","slug":"erfahrung","status":"publish","type":"page","link":"http:\/\/meister-malerei.com\/?page_id=11","title":{"rendered":"Erfahrung"},"content":{"rendered":"<p>Unsere Erfahrung gibt Sicherheit.<\/p>\n<p>Wir haben in \u00fcber 20 Jahren an vielen Baustellen und R\u00e4umen gearbeitet, renoviert und versch\u00f6nert. Am Ende \u00fcbergeben wir modernisierte R\u00e4ume und Geb\u00e4ude mit frischen Farben, neuen Bodenbel\u00e4gen an zufriedene Auftraggeberinnen und Auftraggeber.<\/p>\n<p>Sauber und rein &#8211; von Fachfrauen und Fachm\u00e4nnern ausgef\u00fchrt. Das ist unser gro\u00dfes Plus.<\/p>\n<p><strong>Unsere Referenzen:<\/strong><br \/>\nPrivathaushalte<br \/>\nFirmen, Industrie, Handel<br \/>\nArztpraxen und Kanzleien<br \/>\nFrauenh\u00e4user- und Einrichtungen, Kinderg\u00e4rten, Schulen, Kirchengemeinden<br \/>\nProjekte im Gro\u00dfraum Stuttgart, Esslingen, B\u00f6blingen, Ludwigsburg, Heilbronn, Villingen-Schwenningen<\/p>\n","protected":false},"excerpt":{"rendered":"<p>Unsere Erfahrung gibt Sicherheit. Wir haben in \u00fcber 20 Jahren an vielen Baustellen und R\u00e4umen gearbeitet, renoviert und versch\u00f6nert. Am Ende \u00fcbergeben wir modernisierte R\u00e4ume und Geb\u00e4ude mit frischen Farben, neuen Bodenbel\u00e4gen an zufriedene Auftraggeberinnen und Auftraggeber. Sauber und rein<\/p>\n","protected":false},"author":1,"featured_media":0,"parent":0,"menu_order":0,"comment_status":"closed","ping_status":"closed","template":"","meta":[],"_links":{"self":[{"href":"http:\/\/meister-malerei.com\/index.php?rest_route=\/wp\/v2\/pages\/11"}],"collection":[{"href":"http:\/\/meister-malerei.com\/index.php?rest_route=\/wp\/v2\/pages"}],"about":[{"href":"http:\/\/meister-malerei.com\/index.php?rest_route=\/wp\/v2\/types\/page"}],"author":[{"embeddable":true,"href":"http:\/\/meister-malerei.com\/index.php?rest_route=\/wp\/v2\/users\/1"}],"replies":[{"embeddable":true,"href":"http:\/\/meister-malerei.com\/index.php?rest_route=%2Fwp%2Fv2%2Fcomments&post=11"}],"version-history":[{"count":1,"href":"http:\/\/meister-malerei.com\/index.php?rest_route=\/wp\/v2\/pages\/11\/revisions"}],"predecessor-version":[{"id":12,"href":"http:\/\/meister-malerei.com\/index.php?rest_route=\/wp\/v2\/pages\/11\/revisions\/12"}],"wp:attachment":[{"href":"http:\/\/meister-malerei.com\/index.php?rest_route=%2Fwp%2Fv2%2Fmedia&parent=11"}],"curies":[{"name":"wp","href":"https:\/\/api.w.org\/{rel}","templated":true}]}}